{"id":76,"date":"2019-09-27T06:41:50","date_gmt":"2019-09-27T06:41:50","guid":{"rendered":"https:\/\/www.demo.cosmoswp.com\/demo-2\/?page_id=321"},"modified":"2022-10-20T14:39:57","modified_gmt":"2022-10-20T12:39:57","slug":"labor","status":"publish","type":"page","link":"https:\/\/dental-labor-kroeger.de\/content\/labor\/","title":{"rendered":"LABOR &#038; TEAM"},"content":{"rendered":"\n<div id=\"section-gf60f3c\" class=\"wp-block-gutentor-e6 section-gf60f3c gutentor-element gutentor-element-image\"><div class=\"gutentor-element-image-box\"><div class=\"gutentor-bg-image\"><\/div><\/div><\/div>\n\n\n\n<section id=\"gmd81f55f\" class=\"wp-block-gutentor-m4 section-gmd81f55f gutentor-module gutentor-advanced-columns has-image-bg has-custom-bg\"><div class=\"grid-container\"><div class=\"grid-row\">\n<div id=\"col-gmd42efb\" class=\"wp-block-gutentor-m4-col col-gmd42efb gutentor-single-column  grid-lg-12 grid-md-12 grid-12\"><div id=\"section-gmd42efb\" class=\"section-gmd42efb gutentor-col-wrap\">\n<div id=\"section-g66c1ae\" class=\"wp-block-gutentor-e1 section-g66c1ae gutentor-element gutentor-element-advanced-text\"><div class=\"gutentor-text-wrap\"><h2 class=\"gutentor-text\">Labor &amp; Team<\/h2><\/div><\/div>\n\n\n\n<div id=\"section-gb4fe78\" class=\"wp-block-gutentor-e1 section-gb4fe78 gutentor-element gutentor-element-advanced-text\"><div class=\"gutentor-text-wrap\"><h4 class=\"gutentor-text\"><em>Zusammenkommen ist ein Beginn, Zusammenbleiben ein Fortschritt, Zusammenarbeiten ein Erfolg<\/em><\/h4><\/div><\/div>\n\n\n\n<div id=\"section-g58b0fc\" class=\"wp-block-gutentor-e1 section-g58b0fc gutentor-element gutentor-element-advanced-text\"><div class=\"gutentor-text-wrap\"><p class=\"gutentor-text\"> (Henry Ford)<\/p><\/div><\/div>\n\n\n\n<div id=\"section-gce0575\" class=\"wp-block-gutentor-e1 section-gce0575 gutentor-element gutentor-element-advanced-text\"><div class=\"gutentor-text-wrap\"><p class=\"gutentor-text\">Wir arbeiten als Team und profitieren gemeinsam von einer flachen Unternehmensstruktur. Durch kurze Entscheidungswege und direkte Kommunikation sind wir anpassungsf\u00e4hig und k\u00f6nnen schneller reagieren. Die Freude an unserer Arbeit verbindet uns &#8211; motivert und engagiert arbeiten wir ZUSAMMEN<strong> <\/strong>und geben t\u00e4glich unser Bestes!<\/p><\/div><\/div>\n<\/div><\/div>\n<\/div><\/div><\/section>\n\n\n\n<section id=\"gm9723d6c\" class=\"wp-block-gutentor-m4 section-gm9723d6c gutentor-module gutentor-advanced-columns\"><div class=\"grid-container\"><div class=\"grid-row\">\n<div id=\"col-gm6c18fb\" class=\"wp-block-gutentor-m4-col col-gm6c18fb gutentor-single-column  grid-lg-12 grid-md-12 grid-12\"><div id=\"section-gm6c18fb\" class=\"section-gm6c18fb gutentor-col-wrap\">\n<div id=\"section-gd6bdc4\" class=\"wp-block-gutentor-e1 section-gd6bdc4 gutentor-element gutentor-element-advanced-text\"><div class=\"gutentor-text-wrap\"><h3 class=\"gutentor-text\">Wir sind pers\u00f6nlich f\u00fcr Sie da<\/h3><\/div><\/div>\n\n\n\n<div id=\"section-gc12869\" class=\"wp-block-gutentor-e1 section-gc12869 gutentor-element gutentor-element-advanced-text\"><div class=\"gutentor-text-wrap\"><p class=\"gutentor-text\">Die enge Zusammenarbeit zwischen Zahnarzt und Zahntechniker ist eine wichtige Voraussetzung f\u00fcr ein funktionell und \u00e4sthetisch ansprechendes Versorgungsergebnis.  Wir stehen mit unseren Kunden stets im Dialog und arbeiten gemeinsam patientenorientiert.<\/p><\/div><\/div>\n\n\n\n<section id=\"gm336c180\" class=\"wp-block-gutentor-m4 section-gm336c180 gutentor-module gutentor-advanced-columns\"><div class=\"grid-container\"><div class=\"grid-row\">\n<div id=\"col-gmfdb689\" class=\"wp-block-gutentor-m4-col col-gmfdb689 gutentor-single-column  grid-lg-6 grid-md-12 grid-12\"><div id=\"section-gmfdb689\" class=\"section-gmfdb689 gutentor-col-wrap\">\n<div id=\"section-g8f3ff3\" class=\"wp-block-gutentor-e6 section-g8f3ff3 gutentor-element gutentor-element-image\"><div class=\"gutentor-element-image-box\"><div class=\"gutentor-image-thumb\"><img decoding=\"async\" class=\"normal-image\" src=\"https:\/\/dental-labor-kroeger.de\/content\/wp-content\/uploads\/2022\/08\/labor-bild-1.jpg\"\/><\/div><\/div><\/div>\n<\/div><\/div>\n\n\n\n<div id=\"col-gm83bd15\" class=\"wp-block-gutentor-m4-col col-gm83bd15 gutentor-single-column  grid-lg-6 grid-md-12 grid-12\"><div id=\"section-gm83bd15\" class=\"section-gm83bd15 gutentor-col-wrap\">\n<div id=\"section-g8ecb34\" class=\"wp-block-gutentor-e1 section-g8ecb34 gutentor-element gutentor-element-advanced-text\"><div class=\"gutentor-text-wrap\"><p class=\"gutentor-text\">Die W\u00fcnsche und Erwartungen der Patientinnen und Patienten an ihren Zahnersatz sind f\u00fcr uns ebenso wichtig, schlie\u00dflich wollen wir diese in unsere Arbeit einbeziehen. <\/p><\/div><\/div>\n\n\n\n<div id=\"section-gfa1d52\" class=\"wp-block-gutentor-e1 section-gfa1d52 gutentor-element gutentor-element-advanced-text\"><div class=\"gutentor-text-wrap\"><p class=\"gutentor-text\">Bei einem gemeinsamen Termin analysieren wir nicht nur die Mimik, den Farbton der Z\u00e4hne und deren anatomische Form, sondern nehmen uns Zeit f\u00fcr den pers\u00f6nlichen Austausch.<\/p><\/div><\/div>\n\n\n\n<div id=\"section-g753246\" class=\"wp-block-gutentor-e1 section-g753246 gutentor-element gutentor-element-advanced-text\"><div class=\"gutentor-text-wrap\"><p class=\"gutentor-text\">Wir erschaffen mit Hingabe &amp; gro\u00dfer Sorgfalt qualit\u00e4tsvollen Zahnersatz &#8211; hierbei steht die Zufriedenheit unserer Kunden bzw. deren Patientinnen und Patienten an oberster Stelle.<\/p><\/div><\/div>\n<\/div><\/div>\n<\/div><\/div><\/section>\n\n\n\n<div id=\"section-g4deb2a\" class=\"wp-block-gutentor-e1 section-g4deb2a gutentor-element gutentor-element-advanced-text\"><div class=\"gutentor-text-wrap\"><h3 class=\"gutentor-text\">Wir sind bestens ausgebildet &amp; spezialisiert<\/h3><\/div><\/div>\n\n\n\n<div id=\"section-g296cbc\" class=\"wp-block-gutentor-e1 section-g296cbc gutentor-element gutentor-element-advanced-text\"><div class=\"gutentor-text-wrap\"><p class=\"gutentor-text\">Nur so k\u00f6nnen wir sicherstellen, dass wir jede Arbeit perfekt ausf\u00fchren, da sich Werkstoffe, Maschinen und Herstellungstechniken kontinuierlich weiterentwicklen.<\/p><\/div><\/div>\n\n\n\n<div id=\"section-g9b11a0\" class=\"wp-block-gutentor-e1 section-g9b11a0 gutentor-element gutentor-element-advanced-text\"><div class=\"gutentor-text-wrap\"><p class=\"gutentor-text\">Um auf dem neuesten Stand der Forschung, Technik sowie der voranschreitenden Digitalisierung zu bleiben, sind f\u00fcr uns Fort- und Weiterbildungen selbstverst\u00e4ndlich und unerl\u00e4sslich. <\/p><\/div><\/div>\n\n\n\n<section id=\"gm349f5ae\" class=\"wp-block-gutentor-m4 section-gm349f5ae gutentor-module gutentor-advanced-columns\"><div class=\"grid-container\"><div class=\"grid-row\">\n<div id=\"col-gm55c61b\" class=\"wp-block-gutentor-m4-col col-gm55c61b gutentor-single-column  grid-lg-5 grid-md-12 grid-12\"><div id=\"section-gm55c61b\" class=\"section-gm55c61b gutentor-col-wrap\">\n<div id=\"section-g2f1b1c\" class=\"wp-block-gutentor-e6 section-g2f1b1c gutentor-element gutentor-element-image\"><div class=\"gutentor-element-image-box\"><div class=\"gutentor-image-thumb\"><img decoding=\"async\" class=\"normal-image\" src=\"https:\/\/dental-labor-kroeger.de\/content\/wp-content\/uploads\/2022\/08\/labor-bild2.jpg\"\/><\/div><\/div><\/div>\n<\/div><\/div>\n\n\n\n<div id=\"col-gm9d90ef\" class=\"wp-block-gutentor-m4-col col-gm9d90ef gutentor-single-column  grid-lg-7 grid-md-12 grid-12\"><div id=\"section-gm9d90ef\" class=\"section-gm9d90ef gutentor-col-wrap\">\n<div id=\"section-g055114\" class=\"wp-block-gutentor-e6 section-g055114 gutentor-element gutentor-element-image\"><div class=\"gutentor-element-image-box\"><div class=\"gutentor-image-thumb\"><img decoding=\"async\" class=\"normal-image\" src=\"https:\/\/dental-labor-kroeger.de\/content\/wp-content\/uploads\/2022\/08\/labor-bild3.jpg\"\/><\/div><\/div><\/div>\n<\/div><\/div>\n<\/div><\/div><\/section>\n<\/div><\/div>\n<\/div><\/div><\/section>\n","protected":false},"excerpt":{"rendered":"","protected":false},"author":2,"featured_media":0,"parent":0,"menu_order":0,"comment_status":"closed","ping_status":"closed","template":"template-gutentor-full-width.php","meta":{"footnotes":""},"class_list":["post-76","page","type-page","status-publish","hentry"],"_links":{"self":[{"href":"https:\/\/dental-labor-kroeger.de\/content\/wp-json\/wp\/v2\/pages\/76","targetHints":{"allow":["GET"]}}],"collection":[{"href":"https:\/\/dental-labor-kroeger.de\/content\/wp-json\/wp\/v2\/pages"}],"about":[{"href":"https:\/\/dental-labor-kroeger.de\/content\/wp-json\/wp\/v2\/types\/page"}],"author":[{"embeddable":true,"href":"https:\/\/dental-labor-kroeger.de\/content\/wp-json\/wp\/v2\/users\/2"}],"replies":[{"embeddable":true,"href":"https:\/\/dental-labor-kroeger.de\/content\/wp-json\/wp\/v2\/comments?post=76"}],"version-history":[{"count":172,"href":"https:\/\/dental-labor-kroeger.de\/content\/wp-json\/wp\/v2\/pages\/76\/revisions"}],"predecessor-version":[{"id":1772,"href":"https:\/\/dental-labor-kroeger.de\/content\/wp-json\/wp\/v2\/pages\/76\/revisions\/1772"}],"wp:attachment":[{"href":"https:\/\/dental-labor-kroeger.de\/content\/wp-json\/wp\/v2\/media?parent=76"}],"curies":[{"name":"wp","href":"https:\/\/api.w.org\/{rel}","templated":true}]}}